{"id":571,"date":"2017-10-10T14:10:59","date_gmt":"2017-10-10T14:10:59","guid":{"rendered":"https:\/\/villaspelion.eu\/new\/?page_id=466"},"modified":"2017-10-18T19:41:30","modified_gmt":"2017-10-18T16:41:30","slug":"beschreibung","status":"publish","type":"page","link":"https:\/\/villaspelion.eu\/new\/de\/villas-2\/beschreibung\/","title":{"rendered":"Projektbeschreibung"},"content":{"rendered":"<div class=\"itemHeader\">\n<h1 class=\"itemTitle\">Projektbeschreibung<\/h1>\n<\/div>\n<h3 class=\"itemIntroText\"><img loading=\"lazy\" decoding=\"async\" class=\"alignleft wp-image-371\" src=\"https:\/\/villaspelion.eu\/new\/wp-content\/uploads\/cam_04-min-300x225.jpg\" alt=\"\" width=\"450\" height=\"338\" srcset=\"https:\/\/villaspelion.eu\/new\/wp-content\/uploads\/cam_04-min-300x225.jpg 300w, https:\/\/villaspelion.eu\/new\/wp-content\/uploads\/cam_04-min-768x576.jpg 768w, https:\/\/villaspelion.eu\/new\/wp-content\/uploads\/cam_04-min.jpg 956w\" sizes=\"(max-width: 450px) 100vw, 450px\" \/>Die drei Villen-Anlage baut in Ano Volos, Magnesia nur auf der Stra\u00dfe von Portaria, Pilion. Es besteht aus drei 3-stufigen Villen, jede mit exklusiven Nutzung des Bodens und ein gemeinsames Grundst\u00fcck, auf die alle drei Eigenschaften haben Zugang, wie in der Abdeckung Plan dargestellt. Die erste Ebene (\u0391 Erdgeschoss) umfasst die Treppe, Heizraum, Lagerraum und die G\u00e4stezimmer. Die zweite Ebene (Erdgeschoss B) beinhaltet das Treppenhaus, Wohnzimmer, Esszimmer, WC, die K\u00fcche und Meerblick Balkon. Die dritte Ebene umfasst zwei Schlafzimmer, ein Badezimmer und ein weiteres Meerblick-Balkon. Die architektonischen Pl\u00e4ne zeigen alle die oben im Detail<\/h3>\n<h3 class=\"itemFullText\">EBENEN<\/h3>\n<h3 class=\"itemFullText\">Im Erdgeschoss<\/h3>\n<h3 class=\"itemFullText\">Das gesamte Erdgeschoss wird mit keramischen Fliesen abgedeckt werden. Die Sockelleisten werden aus dem gleichen Material mit einer Breite von ca. 7-8 cm.<\/h3>\n<h3 class=\"itemFullText\">2. Erdgeschoss<\/h3>\n<h3 class=\"itemFullText\">Das Wohnzimmer und Esszimmer Raumfl\u00e4che wird mit Granit-Fliesen oder Laminatboden Eiche Holz oder hervorragende Qualit\u00e4t abgedeckt werden. Die K\u00fcche und der Wand \u00fcber dem K\u00fcchentisch werden mit keramischen Fliesen abgedeckt werden<br \/>. Die Balkone werden mit speziellen outdoor Fliesen abgedeckt werden. Die Sockelleiste wird aus dem gleichen Material sein. Im Wohnzimmer ist aus Gusseisen Kamin entstehen.<\/h3>\n<h3 class=\"itemFullText\">1. Stock<\/h3>\n<h3 class=\"itemFullText\">Die Zimmer und der Flur im ersten Stock mit Granit-Fliesen oder Eichenholz gelegt werden oder Laminat von ausgezeichneter Qualit\u00e4t. Die Sockelleisten werden aus dem gleichen Material mit einer Breite von 7 cm.<\/h3>\n<h3 class=\"itemFullText\">Sanit\u00e4rbereich<\/h3>\n<h3 class=\"itemFullText\">Die B\u00e4der werden mit farbigen Keramikfliesen gefliest. Alle W\u00e4nde der B\u00e4der werden bis zur H\u00f6he der T\u00fcr angeordnet werden. Das Badezimmer wird entweder durch ein Fenster oder durch einen Ventilator bel\u00fcftet.<\/h3>\n<h3 class=\"itemFullText\">FREMDEN FRAMES<\/h3>\n<h3 class=\"itemFullText\"><img loading=\"lazy\" decoding=\"async\" class=\"wp-image-370 alignright\" src=\"https:\/\/villaspelion.eu\/new\/wp-content\/uploads\/cam_03-min-300x225.jpg\" alt=\"\" width=\"423\" height=\"317\" srcset=\"https:\/\/villaspelion.eu\/new\/wp-content\/uploads\/cam_03-min-300x225.jpg 300w, https:\/\/villaspelion.eu\/new\/wp-content\/uploads\/cam_03-min-768x576.jpg 768w, https:\/\/villaspelion.eu\/new\/wp-content\/uploads\/cam_03-min.jpg 956w\" sizes=\"(max-width: 423px) 100vw, 423px\" \/><\/h3>\n<h3 class=\"itemFullText\">Die \u00e4u\u00dferen Rahmen werden von schwedischen Holz-Klasse A. Die Fenster-Mechanismen werden Inox und mit einer Sicherheit liegend \u00f6ffnen. Die Fall Dicke ist 107 X 70. Fenstergriffe (Sicherheit Griffe) werden in Inox oder Gold oder braune Farbe. Die Bilder tragen eine Kautschuk-Perimeter (Deutsch gemacht). Sie haben Doppelverglasung (Europ\u00e4ische gemacht). Das Holz wird mit wasserbasierten, \u00f6kologische Farben und in eine dunkelbraune Farbe (Nussbaum) lackiert werden. Die Fensterrahmen an der Unterseite haben eine Aluminium-Wasser-Coagulator. Die Fenster haben Rolll\u00e4den mit deutschen Scharniere und Bildschirme k\u00f6nnen auch gelegt werden. \u00c4u\u00dferen Fensterrahmen sind ein Bestandteil der Geb\u00e4udeh\u00fclle und daher keine Ver\u00e4nderungen durch die Villenbesitzer, erfordern die Genehmigung des Architekten und der Konstruktor des Geb\u00e4udes.<\/h3>\n<h3 class=\"itemFullText\">INNERE BILDER<\/h3>\n<h3 class=\"itemFullText\">Innent\u00fcren sind importierte Lacke wei\u00df oder Anigre gepresst. Sie haben ein hervorragendes Aussehen, Haltbarkeit und Funktionalit\u00e4t. Die T\u00fcrverkleidungen haben einem Doppelrahmen wei\u00dfen europ\u00e4ischen Holzarten mit einer Breite von 4,00 cm. Der zweite Rahmen wird mit Fichte Verst\u00e4rkung, Kelle in der Mitte hinzugef\u00fcgt. Alle Schwei\u00dfn\u00e4hte werden mit europ\u00e4ischen Harz hergestellt. Die Frame-Hohlr\u00e4ume sind gef\u00fcllt mit zellul\u00e4ren Kraftpapier. Der Bau ist durch erste Pressung zwei Sperrholzplatten auf den beiden \u00e4u\u00dferen Fl\u00e4chen und dann die Furnierbl\u00e4tter abgeschlossen. Das Furnier ist entweder der nat\u00fcrlichen afrikanischen Nussbaumholz (ANGRE) oder k\u00fcnstliche oder wei\u00df lackiert. Das ganze System verbietet, wicking, erh\u00e4lt 45 mm und erzeugt eine Kraft von 4,5 kg pro Quadratzentimeter. Das Blatt hat eine vertiefte Sperre und drei Messing Scharnier Scharniere. Die Griffe sind Nickel. Das Geh\u00e4use besteht aus europ\u00e4ischen wei\u00dfes Holz, bestehend aus kleineren Holzst\u00fccken (Gips) und au\u00dfen beschichtet mit afrikanischer Nussbaum ANGRE oder wei\u00dfe LACA. Die Rahmen sind in das Mauerwerk in besonderer Weise mit einer Polyurethan-Masse in die H\u00f6he und Breite fest und ist eingeschlossen in eine h\u00f6lzerne Sch\u00fcssel mit Holz von der gleichen Qualit\u00e4t. Das Blatt und den Rahmen tragen eine Spezial-Schnur, die ihre leise Funktion erreicht. Die T\u00fcren in die zus\u00e4tzliche R\u00e4ume, Heizraum, Lager, werden von metallischen finishing, beidseitig mit Blatt und Bel\u00fcftung Metallvorh\u00e4nge gef\u00fcttert, wenn n\u00f6tig. Sie werden mit drei Schichten Speziallack lackiert werden. Die Kesselt\u00fcr haben Zwischenschichten aus Steinwolle, die es feuerfest machen wird.<\/h3>\n<h3 class=\"itemFullText\">HYGIENEARTIKEL<\/h3>\n<h3>Das master-Badezimmer beinhaltet die folgenden Hygieneartikel:<\/h3>\n<ul>\n<li>\n<h3>Eine Badewanne aus Polyester oder Stahl (von gleicher Gr\u00f6\u00dfe).<\/h3>\n<\/li>\n<li>\n<h3>Eine Porzellan-Becken mit einer Spalte oder einem OVAL versenkt Trog auf einer integrierten Bank.<\/h3>\n<\/li>\n<li>\n<h3>Niederdruck-Toilette mit einem doppelten Abdeckung.<\/h3>\n<\/li>\n<li>\n<h3>Armaturen: Eine Spirale Bad Wasserhahn und ein Waschbecken-Mischbatterie, die alle von hoher Qualit\u00e4t und europ\u00e4ischer Herkunft installiert wird.<\/h3>\n<\/li>\n<li>\n<h3>Papiertuch, Handtuchhalter, Seifenspender. Alle Hygieneartikel werden wei\u00df, europ\u00e4ischen Ursprungs, und zeichnet sich durch ihre hohe Qualit\u00e4t und \u00c4sthetik werden.<\/h3>\n<\/li>\n<\/ul>\n<h3 class=\"itemFullText\"><img loading=\"lazy\" decoding=\"async\" class=\" wp-image-372 alignleft\" src=\"https:\/\/villaspelion.eu\/new\/wp-content\/uploads\/cam_05-min-300x225.jpg\" alt=\"\" width=\"479\" height=\"359\" srcset=\"https:\/\/villaspelion.eu\/new\/wp-content\/uploads\/cam_05-min-300x225.jpg 300w, https:\/\/villaspelion.eu\/new\/wp-content\/uploads\/cam_05-min.jpg 764w\" sizes=\"(max-width: 479px) 100vw, 479px\" \/><\/h3>\n<h3>Schr\u00e4nke<\/h3>\n<h3 class=\"itemFullText\">Jede Villa ist mit einem Doppel-Schrank ausgestattet. Der Schrank wird eingebaut wo immer m\u00f6glich werden. Jede Garderobe m\u00fcssen die notwendigen horizontalen und vertikalen Partitionen, Regale und Schubladen auf verlangen. Die Besitzer haben die M\u00f6glichkeit, den Farbton der T\u00fcren, durch eine breite Palette von Farbt\u00f6nen w\u00e4hlen.<\/h3>\n<h3 class=\"itemFullText\">HEIZUNG<\/h3>\n<h3 class=\"itemFullText\">Die zentrale Heizungsanlage besteht aus Kessel, Brenner, Thermostaten und der \u00d6ltank und das gesamte Verg\u00fctungssystem.<\/h3>\n<h3 class=\"itemFullText\">F\u00c4RBUNG<\/h3>\n<h3 class=\"itemFullText\">Auf die Au\u00dfenfl\u00e4chen werden die Br\u00fcstungen mit Acryl Stuck \u00fcberzogen, grundiert und lackiert mit Acryl-Art Zement Farbe auf Wasserbasis, in mindestens zwei Schichten. Alle Au\u00dfenfl\u00e4chen des Geb\u00e4udes sind mit Zement-basierte Acrylfarbe, au\u00dfer den Steinfl\u00e4chen bemalt.<\/h3>\n<h3 class=\"itemFullText\">W\u00e4nde<\/h3>\n<h3 class=\"itemFullText\">Die W\u00e4nde der Boden floor(B) und im ersten Stock werden beschichtet, wie folgt: Nachdem du drei H\u00e4nde mit einem \u00d6l-Lappen, jede Schicht wird mit Schleifpapier zum Erstellen einer Oberfl\u00e4che poliert, hohe Festigkeit eingerieben. Es ist dann in zwei Schichten aus hochwertigen Kunststoff Farbe gemalt. Die W\u00e4nde der zus\u00e4tzlichen R\u00e4ume (Heizraum, Lager usw.) nach grundiert werden, sind mit Kunststoff Farbe in beiden H\u00e4nden bemalt. Die W\u00e4nde des Erdgeschosses A sind mit einen Markenartikel-Unternehmen Kunststoff Farbe gemalt, nachdem sie durchgesp\u00fclt wurden. Die Metalloberfl\u00e4chen (Gel\u00e4nder usw.) werden zuerst mit ausgezeichneter Qualit\u00e4t Korrosionsschutz Material f\u00fcr perfekten Schutz gegen Oxidation gemalt. Als n\u00e4chstes zwei Farbschichten hochfeste Acryl Repulpine.<\/h3>\n<h3 class=\"itemFullText\">Decken<\/h3>\n<h3 class=\"itemFullText\">Dreischicht-Farben werden hinzugef\u00fcgt, um die Decken aller R\u00e4ume mit der Zugabe von Zink, nachdem die Oberfl\u00e4che komplett gestrichen hat.<\/h3>\n<h3 class=\"itemFullText\">ISOLIERUNGEN<\/h3>\n<h3 class=\"itemFullText\">Thermische Isolierung<\/h3>\n<h3 class=\"itemFullText\">Das Geb\u00e4ude ist extern w\u00e4rmebehandelte gem\u00e4\u00df der Bauordnung W\u00e4rmed\u00e4mmung. Die Isolierung entspricht den Anforderungen der W\u00e4rmed\u00e4mmung-Studie, die auf die Energie-Schutz des Geb\u00e4udes und die Bereitstellung von thermischer Komfort zielt.<\/h3>\n<h3 class=\"itemFullText\">Dachkonstruktion<\/h3>\n<h3 class=\"itemFullText\">Ein Holzdach mit Dachziegel wie folgt aufgebaut ist: auf den Fu\u00dfboden das h\u00f6lzerne Skelett &#8211; schwedische Holz von ausgew\u00e4hlten Qualit\u00e4ts- und die Beplankung mit Boards von der gleichen Qualit\u00e4t gebaut. Die Abdichtung Membran gilt dann f\u00fcr die Abdichtung und die w\u00e4rmeisolierenden Material, die ROOFMATE oder DOW von geeigneten Dicke oder andere \u00e4hnliche Qualit\u00e4t gelegt. Schlie\u00dflich befinden sich die Spielsteine, die byzantinische Art sein werden.<\/h3>\n","protected":false},"excerpt":{"rendered":"<p>Projektbeschreibung Die drei Villen-Anlage baut in Ano Volos, Magnesia nur auf der Stra\u00dfe von Portaria, Pilion. Es besteht aus drei 3-stufigen Villen, jede mit exklusiven Nutzung des Bodens und ein gemeinsames Grundst\u00fcck, auf die alle drei Eigenschaften haben Zugang, wie in der Abdeckung Plan dargestellt. Die erste Ebene (\u0391 Erdgeschoss) umfasst die Treppe, Heizraum, Lagerraum [&hellip;]<\/p>\n","protected":false},"author":1,"featured_media":0,"parent":567,"menu_order":0,"comment_status":"closed","ping_status":"closed","template":"","meta":{"footnotes":""},"class_list":["post-571","page","type-page","status-publish","hentry"],"yoast_head":"<!-- This site is optimized with the Yoast SEO plugin v23.8 - https:\/\/yoast.com\/wordpress\/plugins\/seo\/ -->\n<title>Projektbeschreibung | Villas in Pelion<\/title>\n<meta name=\"robots\" content=\"index, follow, max-snippet:-1, max-image-preview:large, max-video-preview:-1\" \/>\n<link rel=\"canonical\" href=\"https:\/\/villaspelion.eu\/new\/de\/villas-2\/beschreibung\/\" \/>\n<meta property=\"og:locale\" content=\"en_US\" \/>\n<meta property=\"og:type\" content=\"article\" \/>\n<meta property=\"og:title\" content=\"Projektbeschreibung | Villas in Pelion\" \/>\n<meta property=\"og:description\" content=\"Projektbeschreibung Die drei Villen-Anlage baut in Ano Volos, Magnesia nur auf der Stra\u00dfe von Portaria, Pilion. Es besteht aus drei 3-stufigen Villen, jede mit exklusiven Nutzung des Bodens und ein gemeinsames Grundst\u00fcck, auf die alle drei Eigenschaften haben Zugang, wie in der Abdeckung Plan dargestellt. Die erste Ebene (\u0391 Erdgeschoss) umfasst die Treppe, Heizraum, Lagerraum [&hellip;]\" \/>\n<meta property=\"og:url\" content=\"https:\/\/villaspelion.eu\/new\/de\/villas-2\/beschreibung\/\" \/>\n<meta property=\"og:site_name\" content=\"Villas in Pelion\" \/>\n<meta property=\"article:modified_time\" content=\"2017-10-18T16:41:30+00:00\" \/>\n<meta property=\"og:image\" content=\"https:\/\/villaspelion.eu\/new\/wp-content\/uploads\/cam_04-min.jpg\" \/>\n\t<meta property=\"og:image:width\" content=\"956\" \/>\n\t<meta property=\"og:image:height\" content=\"717\" \/>\n\t<meta property=\"og:image:type\" content=\"image\/jpeg\" \/>\n<meta name=\"twitter:card\" content=\"summary_large_image\" \/>\n<meta name=\"twitter:label1\" content=\"Est. reading time\" \/>\n\t<meta name=\"twitter:data1\" content=\"5 minutes\" \/>\n<script type=\"application\/ld+json\" class=\"yoast-schema-graph\">{\"@context\":\"https:\/\/schema.org\",\"@graph\":[{\"@type\":\"WebPage\",\"@id\":\"https:\/\/villaspelion.eu\/new\/de\/villas-2\/beschreibung\/\",\"url\":\"https:\/\/villaspelion.eu\/new\/de\/villas-2\/beschreibung\/\",\"name\":\"Projektbeschreibung | Villas in Pelion\",\"isPartOf\":{\"@id\":\"https:\/\/villaspelion.eu\/new\/#website\"},\"primaryImageOfPage\":{\"@id\":\"https:\/\/villaspelion.eu\/new\/de\/villas-2\/beschreibung\/#primaryimage\"},\"image\":{\"@id\":\"https:\/\/villaspelion.eu\/new\/de\/villas-2\/beschreibung\/#primaryimage\"},\"thumbnailUrl\":\"https:\/\/villaspelion.eu\/new\/wp-content\/uploads\/cam_04-min-300x225.jpg\",\"datePublished\":\"2017-10-10T14:10:59+00:00\",\"dateModified\":\"2017-10-18T16:41:30+00:00\",\"breadcrumb\":{\"@id\":\"https:\/\/villaspelion.eu\/new\/de\/villas-2\/beschreibung\/#breadcrumb\"},\"inLanguage\":\"en-US\",\"potentialAction\":[{\"@type\":\"ReadAction\",\"target\":[\"https:\/\/villaspelion.eu\/new\/de\/villas-2\/beschreibung\/\"]}]},{\"@type\":\"ImageObject\",\"inLanguage\":\"en-US\",\"@id\":\"https:\/\/villaspelion.eu\/new\/de\/villas-2\/beschreibung\/#primaryimage\",\"url\":\"https:\/\/villaspelion.eu\/new\/wp-content\/uploads\/cam_04-min.jpg\",\"contentUrl\":\"https:\/\/villaspelion.eu\/new\/wp-content\/uploads\/cam_04-min.jpg\",\"width\":956,\"height\":717},{\"@type\":\"BreadcrumbList\",\"@id\":\"https:\/\/villaspelion.eu\/new\/de\/villas-2\/beschreibung\/#breadcrumb\",\"itemListElement\":[{\"@type\":\"ListItem\",\"position\":1,\"name\":\"Home\",\"item\":\"https:\/\/villaspelion.eu\/new\/\"},{\"@type\":\"ListItem\",\"position\":2,\"name\":\"Villas\",\"item\":\"https:\/\/villaspelion.eu\/new\/de\/villas-2\/\"},{\"@type\":\"ListItem\",\"position\":3,\"name\":\"Projektbeschreibung\"}]},{\"@type\":\"WebSite\",\"@id\":\"https:\/\/villaspelion.eu\/new\/#website\",\"url\":\"https:\/\/villaspelion.eu\/new\/\",\"name\":\"Villas in Pelion\",\"description\":\"Villas for sale in Pelion\",\"potentialAction\":[{\"@type\":\"SearchAction\",\"target\":{\"@type\":\"EntryPoint\",\"urlTemplate\":\"https:\/\/villaspelion.eu\/new\/?s={search_term_string}\"},\"query-input\":{\"@type\":\"PropertyValueSpecification\",\"valueRequired\":true,\"valueName\":\"search_term_string\"}}],\"inLanguage\":\"en-US\"}]}<\/script>\n<!-- \/ Yoast SEO plugin. -->","yoast_head_json":{"title":"Projektbeschreibung | Villas in Pelion","robots":{"index":"index","follow":"follow","max-snippet":"max-snippet:-1","max-image-preview":"max-image-preview:large","max-video-preview":"max-video-preview:-1"},"canonical":"https:\/\/villaspelion.eu\/new\/de\/villas-2\/beschreibung\/","og_locale":"en_US","og_type":"article","og_title":"Projektbeschreibung | Villas in Pelion","og_description":"Projektbeschreibung Die drei Villen-Anlage baut in Ano Volos, Magnesia nur auf der Stra\u00dfe von Portaria, Pilion. Es besteht aus drei 3-stufigen Villen, jede mit exklusiven Nutzung des Bodens und ein gemeinsames Grundst\u00fcck, auf die alle drei Eigenschaften haben Zugang, wie in der Abdeckung Plan dargestellt. Die erste Ebene (\u0391 Erdgeschoss) umfasst die Treppe, Heizraum, Lagerraum [&hellip;]","og_url":"https:\/\/villaspelion.eu\/new\/de\/villas-2\/beschreibung\/","og_site_name":"Villas in Pelion","article_modified_time":"2017-10-18T16:41:30+00:00","og_image":[{"width":956,"height":717,"url":"https:\/\/villaspelion.eu\/new\/wp-content\/uploads\/cam_04-min.jpg","type":"image\/jpeg"}],"twitter_card":"summary_large_image","twitter_misc":{"Est. reading time":"5 minutes"},"schema":{"@context":"https:\/\/schema.org","@graph":[{"@type":"WebPage","@id":"https:\/\/villaspelion.eu\/new\/de\/villas-2\/beschreibung\/","url":"https:\/\/villaspelion.eu\/new\/de\/villas-2\/beschreibung\/","name":"Projektbeschreibung | Villas in Pelion","isPartOf":{"@id":"https:\/\/villaspelion.eu\/new\/#website"},"primaryImageOfPage":{"@id":"https:\/\/villaspelion.eu\/new\/de\/villas-2\/beschreibung\/#primaryimage"},"image":{"@id":"https:\/\/villaspelion.eu\/new\/de\/villas-2\/beschreibung\/#primaryimage"},"thumbnailUrl":"https:\/\/villaspelion.eu\/new\/wp-content\/uploads\/cam_04-min-300x225.jpg","datePublished":"2017-10-10T14:10:59+00:00","dateModified":"2017-10-18T16:41:30+00:00","breadcrumb":{"@id":"https:\/\/villaspelion.eu\/new\/de\/villas-2\/beschreibung\/#breadcrumb"},"inLanguage":"en-US","potentialAction":[{"@type":"ReadAction","target":["https:\/\/villaspelion.eu\/new\/de\/villas-2\/beschreibung\/"]}]},{"@type":"ImageObject","inLanguage":"en-US","@id":"https:\/\/villaspelion.eu\/new\/de\/villas-2\/beschreibung\/#primaryimage","url":"https:\/\/villaspelion.eu\/new\/wp-content\/uploads\/cam_04-min.jpg","contentUrl":"https:\/\/villaspelion.eu\/new\/wp-content\/uploads\/cam_04-min.jpg","width":956,"height":717},{"@type":"BreadcrumbList","@id":"https:\/\/villaspelion.eu\/new\/de\/villas-2\/beschreibung\/#breadcrumb","itemListElement":[{"@type":"ListItem","position":1,"name":"Home","item":"https:\/\/villaspelion.eu\/new\/"},{"@type":"ListItem","position":2,"name":"Villas","item":"https:\/\/villaspelion.eu\/new\/de\/villas-2\/"},{"@type":"ListItem","position":3,"name":"Projektbeschreibung"}]},{"@type":"WebSite","@id":"https:\/\/villaspelion.eu\/new\/#website","url":"https:\/\/villaspelion.eu\/new\/","name":"Villas in Pelion","description":"Villas for sale in Pelion","potentialAction":[{"@type":"SearchAction","target":{"@type":"EntryPoint","urlTemplate":"https:\/\/villaspelion.eu\/new\/?s={search_term_string}"},"query-input":{"@type":"PropertyValueSpecification","valueRequired":true,"valueName":"search_term_string"}}],"inLanguage":"en-US"}]}},"_links":{"self":[{"href":"https:\/\/villaspelion.eu\/new\/wp-json\/wp\/v2\/pages\/571"}],"collection":[{"href":"https:\/\/villaspelion.eu\/new\/wp-json\/wp\/v2\/pages"}],"about":[{"href":"https:\/\/villaspelion.eu\/new\/wp-json\/wp\/v2\/types\/page"}],"author":[{"embeddable":true,"href":"https:\/\/villaspelion.eu\/new\/wp-json\/wp\/v2\/users\/1"}],"replies":[{"embeddable":true,"href":"https:\/\/villaspelion.eu\/new\/wp-json\/wp\/v2\/comments?post=571"}],"version-history":[{"count":14,"href":"https:\/\/villaspelion.eu\/new\/wp-json\/wp\/v2\/pages\/571\/revisions"}],"predecessor-version":[{"id":1354,"href":"https:\/\/villaspelion.eu\/new\/wp-json\/wp\/v2\/pages\/571\/revisions\/1354"}],"up":[{"embeddable":true,"href":"https:\/\/villaspelion.eu\/new\/wp-json\/wp\/v2\/pages\/567"}],"wp:attachment":[{"href":"https:\/\/villaspelion.eu\/new\/wp-json\/wp\/v2\/media?parent=571"}],"curies":[{"name":"wp","href":"https:\/\/api.w.org\/{rel}","templated":true}]}}