{"id":567,"date":"2017-10-09T22:57:06","date_gmt":"2017-10-09T22:57:06","guid":{"rendered":"http:\/\/villaspelion.eu\/new\/?page_id=330"},"modified":"2017-10-19T10:11:25","modified_gmt":"2017-10-19T07:11:25","slug":"villas-2","status":"publish","type":"page","link":"https:\/\/villaspelion.eu\/new\/de\/villas-2\/","title":{"rendered":"Villas"},"content":{"rendered":"<div class=\"itemHeader\">\n<h1 class=\"itemTitle\">Immobilien zum Verkauf<\/h1>\n<\/div>\n<div class=\"itemFullText\">\n<h3>DREI VILLEN IN ANO VOLOS PILION<\/h3>\n<h3><img loading=\"lazy\" decoding=\"async\" class=\"alignleft wp-image-370\" src=\"https:\/\/villaspelion.eu\/new\/wp-content\/uploads\/cam_03-min-300x225.jpg\" alt=\"\" width=\"580\" height=\"435\" srcset=\"https:\/\/villaspelion.eu\/new\/wp-content\/uploads\/cam_03-min-300x225.jpg 300w, https:\/\/villaspelion.eu\/new\/wp-content\/uploads\/cam_03-min-768x576.jpg 768w, https:\/\/villaspelion.eu\/new\/wp-content\/uploads\/cam_03-min.jpg 956w\" sizes=\"(max-width: 580px) 100vw, 580px\" \/>Volos ist eine gro\u00dfe Stadt am Meer, zwischen Thessaloniki und Athen, haben einen internationalen Flughafen. Ano Volos liegt auf dem oberen Teil von Volos am Hang eines Berges Pelion genannt. Volos und Pelion sind ber\u00fchmte griechische Resorts bekannt f\u00fcr sch\u00f6ne Str\u00e4nde, malerische D\u00f6rfer (Makrinitsa, Portaria, Tsagarada und viele andere) und wundersch\u00f6ne Landschaften. Pilion verbindet bemerkenswerte Str\u00e4nde mit erstaunlichen Berg Szenen und hat auch ein Ski-Zentrum.<\/h3>\n<h3>Die Villen sind 15 min vom Flughafen mit einem herrlichen Blick auf das Meer und die Stadt Volos. Sie sind 10 Minuten weit entfernt von den D\u00f6rfern von Portaria und Makrinitsa, 20 min von der Ski-Zentrum Chania und in der N\u00e4he von vielen ber\u00fchmten Str\u00e4nden.<\/h3>\n<h3>Jede Villa ist 150m<sup> <\/sup>2 auf drei Ebenen. Im Erdgeschoss gibt es ein G\u00e4stezimmer, ein Badezimmer und ein Abstellraum. Im zweiten Stock ist das Wohnzimmer mit Kamin, eine K\u00fcche und ein WC. Auf der Oberseite gibt es zwei Schlafzimmer und ein Badezimmer. Jedes Haus hat einen eigenen Grundst\u00fcck von <sup>2<\/sup>50m 2 und einen Parkplatz. Die Villen sind nach der traditionellen Architektur des Pilion (externe Stein Abdeckung, Holzdach mit roten Fliesen, Holzt\u00fcren und Fenstern und bestimmte architektonische Erscheinungsbild.) gebaut.<\/h3>\n<h3><em>Preis: von 190.000 \u20ac<br \/><\/em><\/h3>\n<\/div>\n","protected":false},"excerpt":{"rendered":"<p>Immobilien zum Verkauf DREI VILLEN IN ANO VOLOS PILION Volos ist eine gro\u00dfe Stadt am Meer, zwischen Thessaloniki und Athen, haben einen internationalen Flughafen. Ano Volos liegt auf dem oberen Teil von Volos am Hang eines Berges Pelion genannt. Volos und Pelion sind ber\u00fchmte griechische Resorts bekannt f\u00fcr sch\u00f6ne Str\u00e4nde, malerische D\u00f6rfer (Makrinitsa, Portaria, Tsagarada [&hellip;]<\/p>\n","protected":false},"author":1,"featured_media":0,"parent":0,"menu_order":0,"comment_status":"closed","ping_status":"closed","template":"","meta":{"footnotes":""},"class_list":["post-567","page","type-page","status-publish","hentry"],"yoast_head":"<!-- This site is optimized with the Yoast SEO plugin v23.8 - https:\/\/yoast.com\/wordpress\/plugins\/seo\/ -->\n<title>Villas | Villas in Pelion<\/title>\n<meta name=\"robots\" content=\"index, follow, max-snippet:-1, max-image-preview:large, max-video-preview:-1\" \/>\n<link rel=\"canonical\" href=\"https:\/\/villaspelion.eu\/new\/de\/villas-2\/\" \/>\n<meta property=\"og:locale\" content=\"en_US\" \/>\n<meta property=\"og:type\" content=\"article\" \/>\n<meta property=\"og:title\" content=\"Villas | Villas in Pelion\" \/>\n<meta property=\"og:description\" content=\"Immobilien zum Verkauf DREI VILLEN IN ANO VOLOS PILION Volos ist eine gro\u00dfe Stadt am Meer, zwischen Thessaloniki und Athen, haben einen internationalen Flughafen. Ano Volos liegt auf dem oberen Teil von Volos am Hang eines Berges Pelion genannt. Volos und Pelion sind ber\u00fchmte griechische Resorts bekannt f\u00fcr sch\u00f6ne Str\u00e4nde, malerische D\u00f6rfer (Makrinitsa, Portaria, Tsagarada [&hellip;]\" \/>\n<meta property=\"og:url\" content=\"https:\/\/villaspelion.eu\/new\/de\/villas-2\/\" \/>\n<meta property=\"og:site_name\" content=\"Villas in Pelion\" \/>\n<meta property=\"article:modified_time\" content=\"2017-10-19T07:11:25+00:00\" \/>\n<meta property=\"og:image\" content=\"https:\/\/villaspelion.eu\/new\/wp-content\/uploads\/cam_03-min.jpg\" \/>\n\t<meta property=\"og:image:width\" content=\"956\" \/>\n\t<meta property=\"og:image:height\" content=\"717\" \/>\n\t<meta property=\"og:image:type\" content=\"image\/jpeg\" \/>\n<meta name=\"twitter:card\" content=\"summary_large_image\" \/>\n<meta name=\"twitter:label1\" content=\"Est. reading time\" \/>\n\t<meta name=\"twitter:data1\" content=\"1 minute\" \/>\n<script type=\"application\/ld+json\" class=\"yoast-schema-graph\">{\"@context\":\"https:\/\/schema.org\",\"@graph\":[{\"@type\":\"WebPage\",\"@id\":\"https:\/\/villaspelion.eu\/new\/de\/villas-2\/\",\"url\":\"https:\/\/villaspelion.eu\/new\/de\/villas-2\/\",\"name\":\"Villas | Villas in Pelion\",\"isPartOf\":{\"@id\":\"https:\/\/villaspelion.eu\/new\/#website\"},\"primaryImageOfPage\":{\"@id\":\"https:\/\/villaspelion.eu\/new\/de\/villas-2\/#primaryimage\"},\"image\":{\"@id\":\"https:\/\/villaspelion.eu\/new\/de\/villas-2\/#primaryimage\"},\"thumbnailUrl\":\"https:\/\/villaspelion.eu\/new\/wp-content\/uploads\/cam_03-min-300x225.jpg\",\"datePublished\":\"2017-10-09T22:57:06+00:00\",\"dateModified\":\"2017-10-19T07:11:25+00:00\",\"breadcrumb\":{\"@id\":\"https:\/\/villaspelion.eu\/new\/de\/villas-2\/#breadcrumb\"},\"inLanguage\":\"en-US\",\"potentialAction\":[{\"@type\":\"ReadAction\",\"target\":[\"https:\/\/villaspelion.eu\/new\/de\/villas-2\/\"]}]},{\"@type\":\"ImageObject\",\"inLanguage\":\"en-US\",\"@id\":\"https:\/\/villaspelion.eu\/new\/de\/villas-2\/#primaryimage\",\"url\":\"https:\/\/villaspelion.eu\/new\/wp-content\/uploads\/cam_03-min.jpg\",\"contentUrl\":\"https:\/\/villaspelion.eu\/new\/wp-content\/uploads\/cam_03-min.jpg\",\"width\":956,\"height\":717},{\"@type\":\"BreadcrumbList\",\"@id\":\"https:\/\/villaspelion.eu\/new\/de\/villas-2\/#breadcrumb\",\"itemListElement\":[{\"@type\":\"ListItem\",\"position\":1,\"name\":\"Home\",\"item\":\"https:\/\/villaspelion.eu\/new\/\"},{\"@type\":\"ListItem\",\"position\":2,\"name\":\"Villas\"}]},{\"@type\":\"WebSite\",\"@id\":\"https:\/\/villaspelion.eu\/new\/#website\",\"url\":\"https:\/\/villaspelion.eu\/new\/\",\"name\":\"Villas in Pelion\",\"description\":\"Villas for sale in Pelion\",\"potentialAction\":[{\"@type\":\"SearchAction\",\"target\":{\"@type\":\"EntryPoint\",\"urlTemplate\":\"https:\/\/villaspelion.eu\/new\/?s={search_term_string}\"},\"query-input\":{\"@type\":\"PropertyValueSpecification\",\"valueRequired\":true,\"valueName\":\"search_term_string\"}}],\"inLanguage\":\"en-US\"}]}<\/script>\n<!-- \/ Yoast SEO plugin. -->","yoast_head_json":{"title":"Villas | Villas in Pelion","robots":{"index":"index","follow":"follow","max-snippet":"max-snippet:-1","max-image-preview":"max-image-preview:large","max-video-preview":"max-video-preview:-1"},"canonical":"https:\/\/villaspelion.eu\/new\/de\/villas-2\/","og_locale":"en_US","og_type":"article","og_title":"Villas | Villas in Pelion","og_description":"Immobilien zum Verkauf DREI VILLEN IN ANO VOLOS PILION Volos ist eine gro\u00dfe Stadt am Meer, zwischen Thessaloniki und Athen, haben einen internationalen Flughafen. Ano Volos liegt auf dem oberen Teil von Volos am Hang eines Berges Pelion genannt. Volos und Pelion sind ber\u00fchmte griechische Resorts bekannt f\u00fcr sch\u00f6ne Str\u00e4nde, malerische D\u00f6rfer (Makrinitsa, Portaria, Tsagarada [&hellip;]","og_url":"https:\/\/villaspelion.eu\/new\/de\/villas-2\/","og_site_name":"Villas in Pelion","article_modified_time":"2017-10-19T07:11:25+00:00","og_image":[{"width":956,"height":717,"url":"https:\/\/villaspelion.eu\/new\/wp-content\/uploads\/cam_03-min.jpg","type":"image\/jpeg"}],"twitter_card":"summary_large_image","twitter_misc":{"Est. reading time":"1 minute"},"schema":{"@context":"https:\/\/schema.org","@graph":[{"@type":"WebPage","@id":"https:\/\/villaspelion.eu\/new\/de\/villas-2\/","url":"https:\/\/villaspelion.eu\/new\/de\/villas-2\/","name":"Villas | Villas in Pelion","isPartOf":{"@id":"https:\/\/villaspelion.eu\/new\/#website"},"primaryImageOfPage":{"@id":"https:\/\/villaspelion.eu\/new\/de\/villas-2\/#primaryimage"},"image":{"@id":"https:\/\/villaspelion.eu\/new\/de\/villas-2\/#primaryimage"},"thumbnailUrl":"https:\/\/villaspelion.eu\/new\/wp-content\/uploads\/cam_03-min-300x225.jpg","datePublished":"2017-10-09T22:57:06+00:00","dateModified":"2017-10-19T07:11:25+00:00","breadcrumb":{"@id":"https:\/\/villaspelion.eu\/new\/de\/villas-2\/#breadcrumb"},"inLanguage":"en-US","potentialAction":[{"@type":"ReadAction","target":["https:\/\/villaspelion.eu\/new\/de\/villas-2\/"]}]},{"@type":"ImageObject","inLanguage":"en-US","@id":"https:\/\/villaspelion.eu\/new\/de\/villas-2\/#primaryimage","url":"https:\/\/villaspelion.eu\/new\/wp-content\/uploads\/cam_03-min.jpg","contentUrl":"https:\/\/villaspelion.eu\/new\/wp-content\/uploads\/cam_03-min.jpg","width":956,"height":717},{"@type":"BreadcrumbList","@id":"https:\/\/villaspelion.eu\/new\/de\/villas-2\/#breadcrumb","itemListElement":[{"@type":"ListItem","position":1,"name":"Home","item":"https:\/\/villaspelion.eu\/new\/"},{"@type":"ListItem","position":2,"name":"Villas"}]},{"@type":"WebSite","@id":"https:\/\/villaspelion.eu\/new\/#website","url":"https:\/\/villaspelion.eu\/new\/","name":"Villas in Pelion","description":"Villas for sale in Pelion","potentialAction":[{"@type":"SearchAction","target":{"@type":"EntryPoint","urlTemplate":"https:\/\/villaspelion.eu\/new\/?s={search_term_string}"},"query-input":{"@type":"PropertyValueSpecification","valueRequired":true,"valueName":"search_term_string"}}],"inLanguage":"en-US"}]}},"_links":{"self":[{"href":"https:\/\/villaspelion.eu\/new\/wp-json\/wp\/v2\/pages\/567"}],"collection":[{"href":"https:\/\/villaspelion.eu\/new\/wp-json\/wp\/v2\/pages"}],"about":[{"href":"https:\/\/villaspelion.eu\/new\/wp-json\/wp\/v2\/types\/page"}],"author":[{"embeddable":true,"href":"https:\/\/villaspelion.eu\/new\/wp-json\/wp\/v2\/users\/1"}],"replies":[{"embeddable":true,"href":"https:\/\/villaspelion.eu\/new\/wp-json\/wp\/v2\/comments?post=567"}],"version-history":[{"count":4,"href":"https:\/\/villaspelion.eu\/new\/wp-json\/wp\/v2\/pages\/567\/revisions"}],"predecessor-version":[{"id":1361,"href":"https:\/\/villaspelion.eu\/new\/wp-json\/wp\/v2\/pages\/567\/revisions\/1361"}],"wp:attachment":[{"href":"https:\/\/villaspelion.eu\/new\/wp-json\/wp\/v2\/media?parent=567"}],"curies":[{"name":"wp","href":"https:\/\/api.w.org\/{rel}","templated":true}]}}